)?
63
Let n(h) = 197*h - 4930. Calculate n(25).
-5
Let w(h) = -h**2 + 284*h - 1669. Calculate w(6).
-1
Let c(w) = w**3 + 22*w**2 + 71*w - 151. Calculate c(-18).
-133
Let f(i) = 17*i + 56. Calculate f(9).
209
Let u(d) = 22*d**2 - 34*d + 7. Determine u(1).
-5
Let p(o) = 76*o + 241. What is p(-3)?
13
Let n(d) = d**3 + d**2 - 2*d - 3. Give n(-2).
-3
Let m(d) = 2259*d**2 - 6826*d. What is m(3)?
-147
Let i(r) = -2*r**3 + 71*r**2 - 105*r + 99. Determine i(34).
-3
Let g(k) = k**3 + 20*k**2 + 65*k + 15. Give g(-16).
-1
Let l(b) = 16*b**2 + 175*b - 11. What is l(-8)?
-387
Let q(c) = c - 21. Determine q(39).
18
Let y(z) = -39*z + 129. What is y(13)?
-378
Let u(c) = 41*c**3 - 4*c - 6. Determine u(-2).
-326
Let b(l) = 18*l**2 - 265*l + 139. Give b(14).
-43
Let i(b) = b**3 + 53*b**2 + 428*b + 15. Determine i(-10).
35
Let g(m) = 463*m - 2249. Calculate g(5).
66
Let l(p) = 18*p**2 - 4*p - 5. What is l(-2)?
75
Let j(o) = -2*o**2 + 230*o + 471. Calculate j(117).
3
Let i(j) = 4*j**2 - 82*j - 1195. What is i(-10)?
25
Let q(s) = 295*s - 6844. Calculate q(23).
-59
Let u(x) = -1793*x + 32271. Give u(18).
-3
Let z(p) = 10*p - 172. Determine z(9).
-82
Let t(y) = 14*y**2 - 40*y - 9. Calculate t(3).
-3
Let s(n) = -2*n**2 - 12*n + 11. What is s(14)?
-549
Let i(k) = 68*k - 13661. Give i(201).
7
Let i(h) = -h**3 - 11*h**2 + 4*h - 6. What is i(-6)?
-210
Let u(z) = z**2 - 66*z + 518. What is u(56)?
-42
Let i(m) = -25*m + 247. Calculate i(11).
-28
Let p(j) = -j + 70. What is p(0)?
70
Let o(m) = -4*m**2 - 794*m - 2378. Give o(-3).
-32
Let t(i) = -i**2 - 2*i + 121. Give t(10).
1
Let d(i) = -2437*i + 24374. Give d(10).
4
Let m(j) = -58*j - 253. What is m(-11)?
385
Let p(t) = -2*t**3 - 22*t + 61. Determine p(3).
-59
Let n(l) = -4*l - 45. Calculate n(-24).
51
Let c(w) = -w**2 + 331*w - 22425. Determine c(95).
-5
Let c(q) = 6519*q + 58673. Give c(-9).
2
Let i(h) = h**3 - 20*h**2 + 8*h - 228. Give i(20).
-68
Let n(f) = -32*f - 145. Give n(-5).
15
Let b(x) = 158*x - 774. Calculate b(5).
16
Let a(b) = 236*b - 3460. Give a(15).
80
Let v(m) = -44*m + 1330. Determine v(33).
-122
Let o(y) = -y**2 + 130*y - 1407. What is o(12)?
9
Let a(i) = -i**3 - 214*i**2 - 10721*i - 75. Calculate a(-80).
5
Let z(m) = 100*m - 2092. Give z(20).
-92
Let j(c) = c**3 + 12*c**2 - 9. Calculate j(-8).
247
Let c(l) = 810*l - 7257. What is c(9)?
33
Let h(m) = 6*m**2 - 4*m - 29. What is h(-3)?
37
Let s(d) = -d**2 + 39*d + 4344. What is s(-49)?
32
Let n(q) = q**3 - 12*q**2 + 10*q - 79. Calculate n(12).
41
Let d(r) = -r**2 - 32*r - 244. Calculate d(-16).
12
Let o(d) = d**3 - 22*d**2 - 23*d + 38. Give o(23).
38
Let c(p) = p**3 - 38*p**2 + 130*p - 2019. What is c(36)?
69
Let x(b) = 109*b - 571. Determine x(6).
83
Let z(f) = -f**3 + 18*f**2 - 2*f + 157. Calculate z(18).
121
Let t(l) = l**3 - 3*l**2 - 42*l - 77. Give t(-3).
-5
Let a(y) = -y**3 - 15*y**2 + 61*y + 15. Give a(-19).
300
Let j(x) = 54*x - 1076. Calculate j(21).
58
Let k(q) = q**3 - q**2 - 15*q + 4. Calculate k(3).
-23
Let v(q) = q**3 + 29*q**2 - 250*q + 19. What is v(7)?
33
Let v(y) = -38*y**2 + 930*y + 500. What is v(25)?
0
Let h(g) = 1129*g + 5629. Determine h(-5).
-16
Let i(n) = -2*n**2 + 209*n - 989. Determine i(5).
6
Let i(t) = -78*t - 966. Determine i(-13).
48
Let o(s) = s**2 + 33*s - 57. What is o(-37)?
91
Let t(a) = -2520*a + 52928. Determine t(21).
8
Let u(o) = 2*o**3 + 2*o**2 - 22*o - 34. Determine u(-2).
2
Let l(u) = -187*u + 7. Determine l(0).
7
Let g(z) = -70*z - 69. What is g(-1)?
1
Let d(c) = -2*c**3 + 12*c**2 + 7*c - 8. Calculate d(6).
34
Let f(c) = 9*c**2 + 530*c - 61. Determine f(-59).
-2
Let c(g) = g**3 + g**2 + 2*g + 61. What is c(-4)?
5
Let x(j) = j**3 - 18*j**2 - 14*j + 243. What is x(19)?
338
Let i(o) = o**2 - 6*o - 174. What is i(15)?
-39
Let l(g) = -3*g**3 + 31*g**2 - 16*g + 120. Give l(10).
60
Let h(z) = -z**3 + 28*z**2 - 57*z - 47. What is h(26)?
-177
Let q(d) = -3*d**3 + 48*d**2 - 3*d - 32. Give q(16).
-80
Let s(q) = -q**3 - 16*q**2 + 202*q + 246. What is s(-24)?
6
Let s(q) = -q**2 + 561*q - 7736. Give s(14).
-78
Let p(f) = 15*f - 489. What is p(28)?
-69
Let b(h) = -85*h - 19. What is b(-3)?
236
Let u(b) = b**3 + 34*b**2 - 36*b - 1281. What is u(-34)?
-57
Let a(p) = -66*p + 235. Determine a(3).
37
Let p(g) = -30*g + 2258. Give p(73).
68
Let t(y) = y**2 - 24*y + 17. Give t(1).
-6
Let i(u) = -u**3 + 7*u**2 - 3*u + 17. Give i(6).
35
Let z(x) = -3587*x - 57394. What is z(-16)?
-2
Let i(o) = o**3 - 7*o**2 + 4*o - 43. Calculate i(7).
-15
Let j(a) = 2*a - 108. Determine j(46).
-16
Let v(x) = 60*x - 216. Give v(4).
24
Let x(v) = -v**3 - 57*v**2 - 617*v + 80. Give x(-42).
-466
Let y(j) = 2*j**3 - 9*j**2 - 26*j - 3. Determine y(-2).
-3
Let n(v) = v**2 - 367*v - 4258. Determine n(-11).
-100
Let z(a) = -51*a - 51. Give z(-2).
51
Let z(f) = f**3 - 42*f**2 + 119*f - 90. What is z(39)?
-12
Let o(k) = -4*k**3 - 273*k**2 + 204*k - 234. Determine o(-69).
-27
Let p(n) = -n**2 + 6*n + 205. Calculate p(17).
18
Let c(l) = l - 72. Calculate c(11).
-61
Let k(b) = -5*b**2 - 32*b + 8. What is k(-5)?
43
Let g(d) = 5*d**3 - 25*d - 35. Determine g(5).
465
Let b(n) = 13*n - 391. Give b(11).
-248
Let o(k) = -8*k - 326. Determine o(-41).
2
Let u(l) = 49*l + 345. Determine u(-10).
-145
Let m(u) = 737*u - 50120. Calculate m(68).
-4
Let u(b) = b**3 - 51*b + 294. Give u(6).
204
Let r(k) = -366*k - 1082. What is r(-3)?
16
Let m(i) = 33*i - 466. Determine m(21).
227
Let r(b) = b**2 - 177*b - 4159. Calculate r(-21).
-1
Let f(j) = -142*j + 707. Determine f(5).
-3
Let h(x) = 2*x**3 - 101*x**2 + 653*x - 321. What is h(43)?
23
Let o(l) = -2*l**3 - 75*l**2 - 41*l - 117. Calculate o(-37).
31
Let b(v) = -v**3 + 31*v**2 + 218*v + 146. What is b(37)?
-2
Let s(y) = -y**3 - 56*y**2 + 516*y + 376. What is s(-64)?
120
Let w(g) = 3*g**2 + 122*g - 1243. Give w(9).
98
Let b(q) = 600*q + 2825. Calculate b(-4).
425
Let u(f) = 30*f**2 + 59*f + 132. Calculate u(-2).
134
Let i(q) = -q**3 + 61*q**2 + 115*q - 3280. Calculate i(62).
6
Let f(i) = 17*i + 531. What is f(-30)?
21
Let u(w) = -w**3 - 68*w**2 + 75*w + 404. What is u(-69)?
-10
Let b(v) = 19*v + 103. Determine b(-14).
-163
Let r(g) = 2*g**3 + 2*g**2 + 86*g - 11. Calculate r(0).
-11
Let o(f) = -f**3 + 20*f**2 + 19*f - 15. What is o(21)?
-57
Let b(c) = -c**2 - 780*c + 34525. Give b(42).
1
Let a(c) = 4*c**3 - 160*c**2 - 7*c + 273. Calculate a(40).
-7
Let h(c) = -88*c - 133. Calculate h(-2).
43
Let r(z) = 29622*z - 148103. Give r(5).
7
Let f(r) = -3*r**2 + 76*r - 75. Calculate f(1).
-2
Let a(k) = k**2 - 214*k + 9395. Determine a(62).
-29
Let j(d) = -d**3 - 67*d**2 - 7*d - 453. Give j(-67).
16
Let k(w) = -w**3 - 9*w**2 - 11*w - 19. Determine k(-10).
191
Let j(m) = 78*m**3 - 6*m**2 - m - 1. Give j(-1).
-84
Let v(w) = 15*w**2 + 1495*w - 2018. Calculate v(-101).
2
Let j(r) = -44*r**2 - 1497*r - 37. What is j(-34)?
-3
Let o(q) = 94*q + 4211. Give o(-45).
-19
Let q(z) = 2*z**3 + 74*z**2 - 328*z - 92. Give q(-41).
-92
Let a(o) = o**2 - 46*o - 911. What is a(-15)?
4
Let w(l) = -763*l**2 + 7632*l - 28. Determine w(10).
-8
Let s(g) = -3*g**3 + 7*g**2 - 28*g + 111. What is s(5)?
-229
Let x(j) = -3*j**2 - 72*j - 387. Determine x(-8).
-3
Let f(t) = 5*t**2 + 23*t + 101. Calculate f(-7).
185
Let v(b) = -64*b**2 - 4*b - 7. Calculate v(0).
-7
Let t(h) = 28*h + 539. Determine t(-19).
7
Let h(k) = -k**3 - k**2 + 61*k + 13. Give h(-7).
-120
Let s(h) = -h**3 + 32*h**2 - 163*h - 288. What is s(25)?
12
Let u(g) = -14*g - 1242. Determine u(-89).
4
Let c(q) = -86*q + 3275. Calculate c(38).
7
Let m(q) = -2*q**3 + 13*q**2 - 20*q + 75. What is m(6)?
-9
Let o(l) = -l**2 - 17*l + 1128. Calculate o(26).
10
Let x(t) = -t**2 + 121*t - 575. Determine x(5).
5
Let h(t) = t**3 + 74*t**2 - 68*t + 100. Give h(-75).
-425
Let m(n) = 937*n - 22521. Calculate m(24).
-33
Let t(d) = d**3 + 37*d**2 - 38*d + 12. Determine t(-38).
12
Let f(c) = 46*c - 2. Give f(5).
228
Let o(j) = j**2 + 20*j - 97. What is o(-24)?
-1
Let w(f) = 11444*f - 114434. Calculate w(10).
6
Let u(b) = -881*b + 47573. Calculate u(54).
-1
Let b(s) = -2*s**3 + 16*s**2 + 4*s - 19. Give b(6).
149
Let f(h) = -10*h + 53. Determine f(12).
-67
Let s(h) = -h**3 + 10*h**2 + 21*h + 23. What is s(12)?
-13
Let n(u) = 2*u**3 - 6*u**2 - 41*u + 152. Calculate n(6).
122
Let t(x) = 2*x**3 + 91*x**2 - 33*x + 560. Determine t(-4